 and 56?
14
What is the highest common factor of 27 and 135?
27
What is the highest common divisor of 3171 and 28?
7
Calculate the highest common factor of 78 and 260.
26
Calculate the highest common factor of 231 and 33.
33
Calculate the highest common divisor of 5616 and 162.
54
What is the highest common divisor of 100 and 25?
25
Calculate the greatest common factor of 488 and 33062.
122
Calculate the greatest common divisor of 27 and 432.
27
Calculate the highest common divisor of 612 and 3825.
153
Calculate the greatest common factor of 424 and 159.
53
What is the highest common factor of 55 and 44?
11
What is the highest common divisor of 1344 and 84?
84
What is the highest common factor of 68 and 3026?
34
Calculate the highest common factor of 11 and 115093.
11
What is the highest common factor of 24 and 492?
12
What is the greatest common divisor of 209 and 57?
19
What is the greatest common factor of 9 and 927?
9
What is the greatest common factor of 32 and 20?
4
Calculate the greatest common factor of 100 and 8425.
25
What is the highest common divisor of 165 and 66?
33
Calculate the greatest common factor of 261 and 7569.
261
Calculate the greatest common factor of 2783 and 138.
23
Calculate the highest common factor of 832 and 13.
13
What is the highest common factor of 348 and 48?
12
Calculate the greatest common divisor of 68 and 136.
68
What is the highest common divisor of 224 and 21?
7
Calculate the highest common factor of 444 and 5476.
148
Calculate the greatest common divisor of 26 and 34.
2
What is the highest common factor of 329 and 893?
47
Calculate the greatest common factor of 2929 and 29.
29
Calculate the greatest common factor of 551 and 76.
19
What is the highest common divisor of 99 and 1012?
11
What is the highest common divisor of 142 and 497?
71
Calculate the greatest common divisor of 384 and 72.
24
Calculate the greatest common divisor of 384 and 174.
6
What is the highest common divisor of 19 and 1881?
19
Calculate the highest common divisor of 37 and 39183.
37
Calculate the highest common divisor of 1104 and 768.
48
Calculate the greatest common divisor of 37 and 2479.
37
Calculate the highest common divisor of 7897 and 149.
149
What is the greatest common factor of 495 and 671?
11
Calculate the highest common divisor of 40 and 64.
8
What is the highest common factor of 140 and 112?
28
Calculate the highest common factor of 2 and 20.
2
Calculate the greatest common factor of 20 and 58690.
10
What is the highest common factor of 602 and 1032?
86
What is the greatest common divisor of 20 and 85410?
10
What is the highest common factor of 1 and 1849?
1
What is the highest common factor of 201 and 134?
67
Calculate the highest common factor of 42180 and 296.
148
What is the highest common factor of 56 and 4732?
28
Calculate the greatest common divisor of 612 and 68.
68
What is the highest common divisor of 8799 and 273?
21
Calculate the highest common factor of 17 and 1241.
17
Calculate the greatest common factor of 74467 and 113.
113
What is the highest common divisor of 777 and 37?
37
What is the highest common factor of 111 and 30747?
111
Calculate the greatest common factor of 848 and 16.
16
Calculate the greatest common factor of 5 and 1115.
5
Calculate the greatest common divisor of 360 and 840.
120
What is the highest common factor of 18 and 12321?
9
Calculate the greatest common divisor of 793 and 61.
61
Calculate the highest common divisor of 25870 and 130.
130
What is the highest common factor of 848 and 416?
16
What is the greatest common divisor of 560 and 4?
4
Calculate the highest common factor of 12987 and 74.
37
What is the highest common factor of 23752 and 16?
8
Calculate the highest common factor of 230 and 1265.
115
What is the greatest common divisor of 159 and 9?
3
Calculate the highest common factor of 50 and 1675.
25
What is the highest common factor of 55 and 4455?
55
What is the highest common divisor of 621 and 2829?
69
What is the highest common factor of 528 and 144?
48
What is the highest common divisor of 48 and 548?
4
Calculate the highest common factor of 94 and 2.
2
What is the greatest common divisor of 61 and 549?
61
Calculate the greatest common factor of 360 and 200.
40
Calculate the greatest common divisor of 54 and 4.
2
What is the highest common factor of 18 and 18?
18
Calculate the highest common factor of 170 and 85.
85
What is the highest common factor of 280 and 490?
70
What is the highest common factor of 7 and 1?
1
What is the greatest common factor of 4 and 2890?
2
Calculate the highest common factor of 73 and 949.
73
What is the greatest common factor of 891 and 11?
11
Calculate the highest common factor of 945 and 45.
45
What is the highest common factor of 2320 and 160?
80
Calculate the highest common divisor of 1160 and 320.
40
What is the highest common divisor of 21525 and 210?
105
Calculate the greatest common divisor of 5268 and 12.
12
Calculate the greatest common divisor of 226 and 6.
2
Calculate the greatest common factor of 170 and 2822.
34
Calculate the greatest common factor of 2915 and 106.
53
What is the greatest common factor of 1740 and 480?
60
What is the greatest common factor of 1110 and 240?
30
Calculate the greatest common factor of 15 and 447.
3
Calculate the highest common divisor of 24 and 16.
8
What is the highest common divisor of 75 and 200?
25
Calculate the highest common factor of 485 and 5.
5
What is the highest common factor of 432 and 60?
12
What is the highest common divisor of 12 and 54?
6
What is the highest common divisor of 145 and 232?
29
Calculate the highest common divisor of 150 and 9.
3
Calculate the highest common divisor of 140 and 220.
20
Calculate the highest common divisor of 2937 and 33.
33
What is the highest common factor of 17622 and 198?
198
What is the highest common divisor of 10 and 770?
10
What is the highest common divisor of 32 and 96?
32
Calculate the greatest common divisor of 17914 and 13.
13
Calculate the highest common divisor of 152 and 2774.
38
What is the highest common factor of 120 and 276?
12
Calculate the greatest common divisor of 167 and 4.
1
What is the highest common factor of 65 and 91?
13
What is the greatest common factor of 198 and 54846?
198
What is the greatest common divisor of 10 and 18?
2
Calculate the highest common factor of 56 and 2408.
56
Calculate the greatest common factor of 11 and 2189.
11
What is the highest common divisor of 505 and 808?
101
Calculate the greatest common divisor of 80 and 390.
10
What is the greatest common factor of 75 and 9?
3
What is the greatest common divisor of 1455 and 388?
97
What is the highest common factor of 99 and 27?
9
What is the greatest common divisor of 192 and 360?
24
What is the greatest common factor of 2350 and 275?
25
Calculate the greatest common divisor of 106 and 2862.
106
Calculate the highest common factor of 5 and 12955.
5
What is the highest common factor of 124 and 837?
31
Calculate the greatest common divisor of 151 and 22499.
151
Calculate the greatest common factor of 2080 and 156.
52
What is the highest common divisor of 3856 and 64?
16
What is the greatest common divisor of 990 and 2250?
90
Calculate the highest common factor of 816 and 132.
12
Calculate the greatest common factor of 123 and 9102.
123
What is the highest common factor of 2580 and 2752?
172
Calculate the greatest common factor of 25 and 21425.
25
Calculate the greatest common factor of 59 and 531.
59
Calculate the highest common factor of 116 and 4.
4
What is the highest common factor of 22 and 12?
2
What is the greatest common factor of 49 and 49?
49
What is the highest common factor of 28 and 1106?
14
What is the greatest common divisor of 38 and 1026?
38
Calculate the highest common factor of 1914 and 594.
66
What is the greatest common factor of 1927 and 164?
41
What is the highest common divisor of 576 and 256?
64
What is the highest common factor of 6161 and 101?
101
Calculate the greatest common divisor of 928 and 32.
32
Calculate the greatest common divisor of 21949 and 141.
47
What is the highest common factor of 34 and 1717?
17
What is the greatest common divisor of 3 and 192?
3
Calculate the highest common divisor of 6908 and 44.
44
Calc